{"id":170,"date":"2024-09-16T17:26:41","date_gmt":"2024-09-16T15:26:41","guid":{"rendered":"https:\/\/amap.castorsbios.fr\/?page_id=170"},"modified":"2024-09-16T17:26:41","modified_gmt":"2024-09-16T15:26:41","slug":"paniers-solidaires","status":"publish","type":"page","link":"https:\/\/amap.castorsbios.fr\/index.php\/paniers-solidaires\/","title":{"rendered":"Paniers Solidaires"},"content":{"rendered":"\n<figure class=\"wp-block-image size-large is-resized\"><img loading=\"lazy\" decoding=\"async\" width=\"875\" height=\"1024\" src=\"https:\/\/amap.castorsbios.fr\/wp-content\/uploads\/2024\/03\/IMG_20180708_163921_238-875x1024.jpg\" alt=\"\" class=\"wp-image-130\" style=\"width:622px;height:auto\" srcset=\"https:\/\/amap.castorsbios.fr\/wp-content\/uploads\/2024\/03\/IMG_20180708_163921_238-875x1024.jpg 875w, https:\/\/amap.castorsbios.fr\/wp-content\/uploads\/2024\/03\/IMG_20180708_163921_238-256x300.jpg 256w, https:\/\/amap.castorsbios.fr\/wp-content\/uploads\/2024\/03\/IMG_20180708_163921_238-768x898.jpg 768w, https:\/\/amap.castorsbios.fr\/wp-content\/uploads\/2024\/03\/IMG_20180708_163921_238.jpg 1296w\" sizes=\"auto, (max-width: 875px) 100vw, 875px\" \/><\/figure>\n\n\n\n<p>L&rsquo;objectif est de contribuer \u00e0 am\u00e9liorer l\u2019alimentation des familles monoparentales garantissant une meilleure sant\u00e9. Ces actions cherchent \u00e0 changer les comportements alimentaires, \u00e0 cr\u00e9er des liens sociaux entre des publics vari\u00e9s et \u00e0 impulser une politique alimentaire territoriale durable.<\/p>\n\n\n\n<p>Dans ce cadre, depuis juin 2021, l&rsquo;association Les Castors Bios a mis en place une dizaine de paniers solidaires sur 65 adh\u00e9rents. Apr\u00e8s trois ann\u00e9es d&rsquo;exp\u00e9rience et de fid\u00e9lisation des b\u00e9n\u00e9ficiaires, Les Castors souhaitent p\u00e9renniser, voire d\u00e9velopper cette d\u00e9marche dans divers quartiers de la ville de Montreuil. Il s&rsquo;agit d&rsquo;inscrire les b\u00e9n\u00e9ficiaires dans un parcours d&rsquo;autonomie alimentaire. Amapiennes \u00e0 part enti\u00e8re, elles participent aux distributions autog\u00e9r\u00e9es, aux \u00e9v\u00e9nements organis\u00e9s par l&rsquo;Amap et aux \u00e9ventuels coups de mains \u00e0 la ferme, valorisant ainsi l\u2019inclusivit\u00e9 sociale<\/p>\n\n\n\n<p>Un panier \u00e0 17,50 euros \u00e0 l &lsquo;AMAP Castors Bios (comprenant 5 vari\u00e9t\u00e9s de l\u00e9gumes, 6 \u0153ufs, un pain de 500 g) est financ\u00e9 \u00e0 12,50\u20ac par financements publics (D\u00e9partement, Mairie), dons associatifs et 5\u20ac par le ou la b\u00e9n\u00e9ficiaire du panier. Il y a un panier par semaine, pour une moyenne de 39 distributions par an, soit un financement recherch\u00e9 de 487,50\u20ac par panier et par an<\/p>\n\n\n\n<p>Le principal partenaire associatif dans le cadre de l&rsquo;exp\u00e9rience en cours est la Collective des M\u00e8res Isol\u00e9es.<\/p>\n\n\n\n<p>La recherche de nouveaux partenariats associatifs est en cours.<\/p>\n\n\n\n<p>Dans un contexte de crise de l&rsquo;alimentation et d&rsquo;inflation, cette d\u00e9marche permet d&rsquo;assurer une stabilit\u00e9 budg\u00e9taire ainsi qu&rsquo;une s\u00e9curit\u00e9 alimentaire. Aussi modeste soit-il, ce dispositif qui existe depuis 2021, permet d&rsquo;inclure une population pr\u00e9caris\u00e9e en prenant en charge l&rsquo;infrastructure de produits alimentaire biologique, ce qui en dispense les institutions soucieuses de mettre en place une politique de qualit\u00e9 de l&rsquo;alimentation durable et de sant\u00e9 publique.<\/p>\n","protected":false},"excerpt":{"rendered":"<p>L&rsquo;objectif est de contribuer \u00e0 am\u00e9liorer l\u2019alimentation des familles monoparentales garantissant une meilleure sant\u00e9. Ces actions cherchent \u00e0 changer les comportements alimentaires, \u00e0 cr\u00e9er des liens sociaux entre des publics vari\u00e9s et \u00e0 impulser une politique alimentaire territoriale durable. Dans ce cadre, depuis juin 2021, l&rsquo;association Les Castors Bios a mis en place une dizaine [&hellip;]<\/p>\n","protected":false},"author":4,"featured_media":0,"parent":0,"menu_order":0,"comment_status":"closed","ping_status":"closed","template":"","meta":{"footnotes":""},"class_list":["post-170","page","type-page","status-publish","hentry"],"_links":{"self":[{"href":"https:\/\/amap.castorsbios.fr\/index.php\/wp-json\/wp\/v2\/pages\/170","targetHints":{"allow":["GET"]}}],"collection":[{"href":"https:\/\/amap.castorsbios.fr\/index.php\/wp-json\/wp\/v2\/pages"}],"about":[{"href":"https:\/\/amap.castorsbios.fr\/index.php\/wp-json\/wp\/v2\/types\/page"}],"author":[{"embeddable":true,"href":"https:\/\/amap.castorsbios.fr\/index.php\/wp-json\/wp\/v2\/users\/4"}],"replies":[{"embeddable":true,"href":"https:\/\/amap.castorsbios.fr\/index.php\/wp-json\/wp\/v2\/comments?post=170"}],"version-history":[{"count":1,"href":"https:\/\/amap.castorsbios.fr\/index.php\/wp-json\/wp\/v2\/pages\/170\/revisions"}],"predecessor-version":[{"id":171,"href":"https:\/\/amap.castorsbios.fr\/index.php\/wp-json\/wp\/v2\/pages\/170\/revisions\/171"}],"wp:attachment":[{"href":"https:\/\/amap.castorsbios.fr\/index.php\/wp-json\/wp\/v2\/media?parent=170"}],"curies":[{"name":"wp","href":"https:\/\/api.w.org\/{rel}","templated":true}]}}