{"id":161,"date":"2024-05-20T18:37:33","date_gmt":"2024-05-20T16:37:33","guid":{"rendered":"https:\/\/amap.castorsbios.fr\/?page_id=161"},"modified":"2024-05-20T18:37:33","modified_gmt":"2024-05-20T16:37:33","slug":"contrat-legumes-et-oeufs","status":"publish","type":"page","link":"https:\/\/amap.castorsbios.fr\/index.php\/amap\/contrat-legumes-et-oeufs\/","title":{"rendered":"Contrat l\u00e9gumes et \u0153ufs"},"content":{"rendered":"\n<figure class=\"wp-block-image size-large is-resized\"><img loading=\"lazy\" decoding=\"async\" width=\"1024\" height=\"576\" src=\"https:\/\/amap.castorsbios.fr\/wp-content\/uploads\/2024\/05\/20240330_091545-1024x576.jpg\" alt=\"\" class=\"wp-image-162\" style=\"width:618px;height:auto\" srcset=\"https:\/\/amap.castorsbios.fr\/wp-content\/uploads\/2024\/05\/20240330_091545-1024x576.jpg 1024w, https:\/\/amap.castorsbios.fr\/wp-content\/uploads\/2024\/05\/20240330_091545-300x169.jpg 300w, https:\/\/amap.castorsbios.fr\/wp-content\/uploads\/2024\/05\/20240330_091545-768x432.jpg 768w, https:\/\/amap.castorsbios.fr\/wp-content\/uploads\/2024\/05\/20240330_091545-1536x864.jpg 1536w, https:\/\/amap.castorsbios.fr\/wp-content\/uploads\/2024\/05\/20240330_091545-2048x1153.jpg 2048w\" sizes=\"auto, (max-width: 1024px) 100vw, 1024px\" \/><\/figure>\n\n\n\n<p>Notre mara\u00eecher, Ludovic Sanglier, produit dans sa ferme de Hodencq en Bray, dans la r\u00e9gion de Beauvais, une vari\u00e9t\u00e9 de l\u00e9gumes bios, frais et de saison.<\/p>\n\n\n\n<p>Depuis bient\u00f4t 15 ans, il nous approvisionne de paniers vari\u00e9s et savoureux tout au long de l&rsquo;ann\u00e9e.<\/p>\n\n\n\n<p>Il est tr\u00e8s content de travailler avec les amaps qui lui permettent de maintenir et d\u00e9velopper son activit\u00e9. Il emploie plusieurs salari\u00e9 en CDI et comme saisonniers. <\/p>\n\n\n\n<p><a href=\"https:\/\/amap.castorsbios.fr\/wp-content\/uploads\/2024\/05\/contrat-legumes-et-oeufs-2024-2025.docx\">Voil\u00e0 le contrat en cours<\/a><\/p>\n","protected":false},"excerpt":{"rendered":"<p>Notre mara\u00eecher, Ludovic Sanglier, produit dans sa ferme de Hodencq en Bray, dans la r\u00e9gion de Beauvais, une vari\u00e9t\u00e9 de l\u00e9gumes bios, frais et de saison. Depuis bient\u00f4t 15 ans, il nous approvisionne de paniers vari\u00e9s et savoureux tout au long de l&rsquo;ann\u00e9e. Il est tr\u00e8s content de travailler avec les amaps qui lui permettent [&hellip;]<\/p>\n","protected":false},"author":4,"featured_media":0,"parent":55,"menu_order":1,"comment_status":"closed","ping_status":"closed","template":"","meta":{"footnotes":""},"class_list":["post-161","page","type-page","status-publish","hentry"],"_links":{"self":[{"href":"https:\/\/amap.castorsbios.fr\/index.php\/wp-json\/wp\/v2\/pages\/161","targetHints":{"allow":["GET"]}}],"collection":[{"href":"https:\/\/amap.castorsbios.fr\/index.php\/wp-json\/wp\/v2\/pages"}],"about":[{"href":"https:\/\/amap.castorsbios.fr\/index.php\/wp-json\/wp\/v2\/types\/page"}],"author":[{"embeddable":true,"href":"https:\/\/amap.castorsbios.fr\/index.php\/wp-json\/wp\/v2\/users\/4"}],"replies":[{"embeddable":true,"href":"https:\/\/amap.castorsbios.fr\/index.php\/wp-json\/wp\/v2\/comments?post=161"}],"version-history":[{"count":3,"href":"https:\/\/amap.castorsbios.fr\/index.php\/wp-json\/wp\/v2\/pages\/161\/revisions"}],"predecessor-version":[{"id":165,"href":"https:\/\/amap.castorsbios.fr\/index.php\/wp-json\/wp\/v2\/pages\/161\/revisions\/165"}],"up":[{"embeddable":true,"href":"https:\/\/amap.castorsbios.fr\/index.php\/wp-json\/wp\/v2\/pages\/55"}],"wp:attachment":[{"href":"https:\/\/amap.castorsbios.fr\/index.php\/wp-json\/wp\/v2\/media?parent=161"}],"curies":[{"name":"wp","href":"https:\/\/api.w.org\/{rel}","templated":true}]}}